s + 155, 0 = -5*b - 3*n + 665. What are the prime factors of b?
2, 17
List the prime factors of (-815373)/(-30) + (-14 - 139/(-10)).
27179
Let t be ((-10)/(-10))/(1/(-5)). Let d = -7 - t. List the prime factors of 1*(d + 1) + 86.
5, 17
Suppose 44*m + 14 = 51*m. Let n(w) = 158*w**2 + 3*w - 8. What are the prime factors of n(m)?
2, 3, 5, 7
Suppose -2*a + 4*j = 3*a - 42445, -5*j = -5*a + 42440. List the prime factors of a.
3, 19, 149
Let u = -57502 + 86565. List the prime factors of u.
29063
Suppose 44*j = 42*j + 10. Suppose 2*o = 2*l, -2*o = -6*o + j*l. Suppose -5*m = u - 32, 3*u + o*u - 48 = -3*m. List the prime factors of u.
2, 3
Let r(k) = -k - 14. Let n be r(-14). Suppose 4*m - 914 + 362 = n. Suppose f + m = 4*f. List the prime factors of f.
2, 23
Let g(l) = 15*l + 5. Let j be g(8). Suppose -c + 0*c = z - j, 15 = 3*z. Suppose -5*u + 5*x + c = 0, 0*x - 100 = -3*u - 4*x. List the prime factors of u.
2, 7
Let o(m) = 117*m**2 + 22*m - 12. List the prime factors of o(5).
3023
Let x be -8*1*(45/4 + -4). Let p = 60 + x. What are the prime factors of (0 + p + -1)*(1 + 197)?
2, 3, 11
Suppose 4*b - 3*u = 38896, 5*b = 2*b + 3*u + 29175. Suppose b = 14*p - 6897. What are the prime factors of p?
1187
Suppose -20*x + 25*x - 10 = 0. Let b be x - (2/3 - (-11)/33). What are the prime factors of (41/((2 - b)/(-2)))/(-1)?
2, 41
Let x be 846585/360 + 3/8. Suppose 4*y = 4*t - x, 4*y + 410 + 169 = t. What are the prime factors of t?
3, 197
Let b(u) = -u**2 + 9*u - 15. Let m be b(6). Let h be 0*4/(m + 1). Suppose -5*s - d + 301 = 0, h*s = -s - 4*d + 45. What are the prime factors of s?
61
What are the prime factors of (1680/50)/((-18)/(-28140))?
2, 7, 67
Let q(g) = g**3 + 152. Suppose 0 = -16*d + 15*d - k + 3, 12 = -4*d + 4*k. Let r be q(d). What are the prime factors of 1*(-4)/8*2 + r?
151
Suppose 4*i = -4*n + 1443 + 10485, -2*n + 5965 = i. What are the prime factors of n?
19, 157
List the prime factors of (6 - 11)/10*282324/(-7).
2, 3, 3361
Let x be (-2)/3 + ((-22960)/15)/(-4). Suppose -4*m + 0*s + 2*s = -x, -269 = -3*m - 2*s. List the prime factors of m.
3, 31
Suppose 0 = -4*u - 24, 5*q = -5*u + 514012 - 209677. List the prime factors of q.
3, 103, 197
Let t(i) = 4*i**2 + 9 - 5*i**2 - 7*i + 2 + 0. Let p be t(-8). List the prime factors of 24*(11/3 + -4 + p).
2
Suppose 112*k - 77587 - 1551341 = 0. List the prime factors of k.
2, 3, 101
Suppose 0 = 4*d - 32, 3*d = u - 8279 - 20923. What are the prime factors of u?
2, 3, 4871
Suppose 5776*r - 121924 = 5742*r. List the prime factors of r.
2, 11, 163
What are the prime factors of -235*5/((-70)/56)?
2, 5, 47
Let u(s) = -s**2 + s - 23. Let i be u(11). Let y = 472 + i. List the prime factors of y.
3, 113
Suppose -790*h + 7896 = -788*h. What are the prime factors of h?
2, 3, 7, 47
Let j(x) = 5*x**3 + 14*x**2 + 17*x + 19. Let g be j(-6). Let a = -333 - g. List the prime factors of a.
2, 163
Suppose -14*s + 403757 = -5*s + 71099. What are the prime factors of s?
2, 18481
Let g be (-3)/9*-271 + 6/(-18). What are the prime factors of (1590/(-4))/(9/g*-5)?
3, 5, 53
Let b(g) = -3*g**2 - 2*g - 2. Let x be b(0). Let i(f) be the first derivative of 38*f**3/3 - 2*f**2 - 4*f + 35. List the prime factors of i(x).
2, 3, 13
Suppose -37*x + 15*x + 627690 = 8*x. What are the prime factors of x?
7, 61
Let z = 238220 + -165506. What are the prime factors of z?
2, 3, 12119
Let s(m) be the third derivative of m**5/60 - m**4/24 + 11*m**3/2 + 22*m**2. Let h be s(0). List the prime factors of (-394)/(-6) - 22/h.
5, 13
Let n be (1/7 + 100/35)*3. Suppose -1112 = -n*u + 5*u. List the prime factors of u.
2, 139
Suppose 0 = 230*k - 233*k + 165. Suppose 2*g - 657 = 5*p + k, -1073 = -3*g + 5*p. What are the prime factors of g?
19
Suppose -1744 = -47*v + 43*v. Suppose 5*p = -3*f - 23, -4*p + 4*f = -f + 11. What are the prime factors of ((-27)/6 - p)/((-2)/v)?
109
Let b(z) = z + 5. Let g be b(29). Suppose 8*j = -g + 58. What are the prime factors of j?
3
Suppose -4*o = -g + 13744, 3*g + o = 30701 + 10518. List the prime factors of g.
2, 3, 5, 229
Let w(p) = p**3 - p**2 - 25*p + 40. What are the prime factors of w(16)?
2, 3, 5, 29
Let r(m) = m**3 - 5*m**2 + 3*m + 9. Let g be r(4). Suppose 0 = 2*w + g*t - 41 - 25, w + t = 39. List the prime factors of w.
43
Suppose 249*l + 188853 = 256*l. What are the prime factors of l?
3, 17, 23
Let p(a) be the second derivative of -a**5/20 - a**4/3 - 2*a**3/3 + 8*a**2 + 40*a. List the prime factors of p(-9).
457
Suppose 33600 = 18*c - 120642. What are the prime factors of c?
11, 19, 41
Suppose -5 = -n, -g = 5*n - 17 - 12. Let c = 1 + g. Suppose 8 = -4*t, -c*i + 8*t = 4*t - 403. List the prime factors of i.
79
Suppose 3418870 = 162*w - 890006. List the prime factors of w.
2, 3, 11, 13, 31
Let m be (-1)/5 - (-2 + (-1434)/(-5)). List the prime factors of 55/2*(-3762)/m.
3, 11
Let q be 0 + (48388/(-20))/((-1)/5). Suppose -q - 4199 = -14*c. What are the prime factors of c?
2, 3, 97
List the prime factors of 16 + (32455 - (4 + -15)).
2, 109, 149
Let a(x) = -x**3 + x**2 + 5*x + 3. Let m be a(0). Suppose 3*b - 35*h = -40*h + 3611, m*b - 3661 = 5*h. What are the prime factors of b?
2, 3, 101
Let f(c) = -20*c + 47. Suppose -5*w + 32 - 62 = 0. What are the prime factors of f(w)?
167
Suppose 5*i = -13 + 28. Let j(b) be the second derivative of 7*b**4/4 - 3*b**3/2 + 3*b**2 - 14*b. What are the prime factors of j(i)?
2, 3, 7
Suppose -2521 = 3*o + 338. Let h = -599 - o. List the prime factors of h.
2, 3, 59
Let o(t) = t**2 + 12*t + 32. Let b be o(-9). Suppose -b*a = -4*h - 90, a - 47 = -21*h + 16*h. List the prime factors of a.
2, 11
Let c = -89 - -65. Let u = c + 26. List the prime factors of 1 - (-58 - (2 + u)).
3, 7
Let w(d) = 35 - d**3 + 7*d - 63 + 3*d**2 + 36. Let u be w(4). Suppose u*j - 7*j - 559 = 0. What are the prime factors of j?
43
Suppose -5*g - 2*p = -187 + 42, 4*g + 2*p = 118. What are the prime factors of ((-11)/4)/(g/(-9504))?
2, 11
Suppose -9*q + 1973 + 124 = 0. Let g = q - 39. Suppose -268 = -3*x + b + 9, -4*b = 2*x - g. List the prime factors of x.
3, 31
Let t = 13 - -68. List the prime factors of 10863/t + 3/(-27).
2, 67
Let l = 61 + -102. Suppose -k + 40 = 4*p, k = -p - 10 + 53. Let u = l + k. List the prime factors of u.
3
Suppose -4*y - 4*r + 28 = 0, -4*y = 2*r - 6*r + 4. List the prime factors of 3320/8 - y*(-2)/3.
3, 139
Suppose 128886 + 66788 = 5*o + 34194. List the prime factors of o.
2, 11, 367
Let r(p) = 2*p - 1. Let f(w) = 2*w**2 - 13*w + 188. Let s(u) = f(u) + 6*r(u). List the prime factors of s(0).
2, 7, 13
Let z = 40634 + -26021. List the prime factors of z.
3, 4871
Suppose 8*h + 396 = 4*h. Let y be (-8)/(-44) + (-4044)/(-22). Let q = h + y. What are the prime factors of q?
5, 17
Let r be (-2)/(-8)*20 + -1. List the prime factors of 9/12 - (-1789)/r.
2, 7
Let r be 1/1*(17290/(-7))/(-10). Let n = 499 - r. List the prime factors of n.
2, 3, 7
Suppose 0 = 5*f - 100 + 130, 2*g - 14948 = -4*f. What are the prime factors of g?
2, 19, 197
Let h = -3288 - -9563. Suppose 11*x + 1006 = h. List the prime factors of x.
479
Let u = 37898 - -7683. What are the prime factors of u?
19, 2399
Let y = 0 + 3. Suppose 5*a - 2699 = -m + 5*m, -2*m + y*a - 1349 = 0. List the prime factors of m/(-34) + (-36)/(-306).
2, 5
Let q = -30 + 31. Let b be (-602)/(-8)*(3 + q). Suppose -u + b = m + 91, 5*m - 1044 = u. List the prime factors of m.
11, 19
Let v(k) = 7*k**2 + 2*k - 53. Let g(c) = -4*c**2 + 26. Let r(z) = -5*g(z) - 3*v(z). List the prime factors of r(-9).
2
What are the prime factors of (-1008)/(-64)*7/(7/44)?
3, 7, 11
Suppose -2*c + 144 + 1520 = 3*o, 4*o = 8. Let k = c - 429. What are the prime factors of k?
2, 5
Let u = -5935 - -10759. Suppose 0*w = -12*w + u. List the prime factors of w.
2, 3, 67
Let r(a) be the second derivative of 7*a**3/2 - 15*a**2 + 14*a. Let m be r(12). Let j = m + -133. List the prime factors of j.
89
Suppose -2*r + 4750 = 3*y, 0*y + 3*r = 3*y - 4770. Suppose 2*o - y = -256. What are the prime factors of o?
5, 7, 19
Let r = 5035 - 1597. Suppose -133*o + 124*o = -r. List the prime factors of o.
2, 191
Let o(n) = 11*n + 6*n - 18*n. Let r be o(-9). What are the prime factors of (6/r)/(3900/(-1953) + 2)?
7, 31
Suppose 0 = -2*u - 5*l + 10163, -2*u - u = 5*l - 15237. What are the prime factors o